pose -4*q - 138 - 92 = -3*z, 0 = 3*z + 5*q - 239. What is the units digit of z?
8
Let i = -13 - -74. What is the tens digit of i?
6
What is the units digit of (1 + -2)*(-29 + -1)?
0
What is the tens digit of (-2)/10 + 3936/30?
3
Suppose w + 0*w = 0. Suppose 2*u - 10 - 2 = w. What is the units digit of u?
6
Let p be 14/(-2 + 36/16). Suppose p = -u + 3*u. What is the tens digit of u?
2
Let s be 15/4 + 2/8. Suppose s*w = 8*w - 16. Suppose -4*q + 62 = -5*m + 12, -w*q + 32 = 4*m. What is the tens digit of q?
1
Let k = -28 + 17. Let l(t) = -t**3 - 11*t**2 - 2*t - 13. What is the units digit of l(k)?
9
Let l(a) be the first derivative of -a**4/4 + 10*a**3/3 - 9*a**2/2 + 9*a + 6. What is the units digit of l(9)?
9
Let f(i) = -i - 1. Let j be f(-3). Suppose -2*v - j*v = -8. What is the units digit of v?
2
Let z = 0 - -2. Let f = 1 + z. Suppose 3*s = -f*q - 6, 0 = 2*s - 0*q - 4*q - 20. What is the units digit of s?
2
Let n(a) = 2*a + 1. What is the units digit of n(1)?
3
Let u(j) = -j**3 - 8*j**2 + 13*j + 14. Let y be u(-10). Suppose -7*v = -9*v + y. What is the tens digit of v?
4
Let v = 10 + -4. What is the units digit of (-6)/(-4) - (-3)/v?
2
Let t(m) = 4*m**2 - m + 6. What is the tens digit of t(4)?
6
Let a(d) = -d**3 + 13*d**2 + d - 8. Let p be a(13). Suppose 5*f - 45 - 100 = p*u, 0 = -u - 4. What is the units digit of f?
5
Let a = 4 + -2. Suppose -6*d + 135 = 5*m - d, 0 = a*m - 4*d - 36. Suppose 0 + m = 4*f. What is the units digit of f?
6
Let s be 6/(-3*3/(-18)). Suppose 4*c + s = -0*c. Let p = c + 17. What is the tens digit of p?
1
Let y(q) = q**2 + 9*q - 24. What is the tens digit of y(-13)?
2
Suppose -4*l + 3 - 22 = c, 3*c + 4*l = -17. What is the units digit of c/(-4) + (-42)/(-8)?
5
Let k be -4*1 - (-3 - -3). What is the tens digit of (-4)/k + (21 - 1)?
2
Let f = -223 + 326. What is the hundreds digit of f?
1
Suppose -4 = -2*u, s + 18 = 5*s + 5*u. Let t be (-46 - s)*(-9)/6. Suppose -5*l = q - t, -5*l - 2*q = -56 - 13. What is the units digit of l?
5
Suppose 46 = 4*z - 22. What is the tens digit of z + (3 - 3) + -3?
1
Let x(p) = -21*p - 5. What is the hundreds digit of x(-5)?
1
Let g be -2 - (-2 - 0) - -2. Let q be g*(51/(-2) + -1). Let f = -37 - q. What is the tens digit of f?
1
Suppose -z - 2 = -0. Let h be (-17)/(-5) - z/(-5). Let u = h - 1. What is the units digit of u?
2
Let t(x) = -x**3 + 4*x**2 + 4*x - 6. Let d = 15 + -11. Let v be t(d). Let r = v + -5. What is the units digit of r?
5
Suppose -3 - 1 = 4*a. Let k = 2 - a. Suppose 0 = -4*t - 20, 2*g + k = 3*t + 52. What is the tens digit of g?
1
Suppose -81 = -5*q + 4. Let g = 25 - q. What is the units digit of g?
8
Let t = -51 + 71. What is the tens digit of t?
2
Let c be (7 + -1)/(-3) + 9. Let f = c + 0. What is the units digit of f?
7
Let m = 22 - 17. Suppose -2*k = -29 - m. What is the tens digit of k?
1
Let b(a) = -10*a - 4. What is the tens digit of b(-3)?
2
Let j(f) = 4*f**3 - 23*f**2 - 5*f + 9. Let g(r) = -2*r**3 + 11*r**2 + 2*r - 4. Let c(b) = -13*g(b) - 6*j(b). What is the tens digit of c(3)?
1
What is the tens digit of 3*(-4 + 56/6)?
1
Let s(f) = f + 11. What is the units digit of s(-6)?
5
Let f be (13/26)/(1/102). Let h = f - 30. What is the tens digit of h?
2
What is the units digit of 0 + 2*27 + -2?
2
Suppose 5*x + 12 = 307. What is the units digit of x?
9
Suppose -2*h = -127 - 133. What is the hundreds digit of h?
1
Let s = -3 - -5. Suppose -a + s*a = 4. What is the units digit of a?
4
Let j(p) be the third derivative of p**6/360 - 7*p**5/120 - p**4/8 + p**3/2 - 3*p**2. Let m(c) be the first derivative of j(c). What is the units digit of m(9)?
5
Let z(d) = -3*d**3 - 2*d**2 + d. Let w be z(1). Let a(q) = 4*q**2 - 4*q + 3. Let o be a(2). Let i = w + o. What is the units digit of i?
7
Let q(i) = 6*i. Let d be q(1). Suppose -c = -d*c + 40. What is the units digit of c?
8
Let c(p) = 17*p**2 - 1. What is the units digit of c(1)?
6
What is the tens digit of (-10 + 26)*((-4)/2 - -6)?
6
What is the tens digit of -3*6/(-9) + 9?
1
Suppose -4*z + 24 = 2*m, 3*m - m - 21 = -3*z. Let d = m + -3. What is the units digit of d?
3
Suppose -h - 114 = -273. What is the units digit of h?
9
Let a(c) = 2*c**2 - c - 2. Let y be a(2). Suppose 0*p + 7 = y*v - 5*p, 5*v - 25 = 3*p. What is the units digit of v?
8
What is the tens digit of (-154)/(-10) + (-16)/40?
1
Let w(p) = -6*p + 1. Suppose f - 3*f = -6. Suppose -4 = f*h - 1. What is the units digit of w(h)?
7
Let f be 8/4*47 + -1. Suppose 0*q - f = -3*q. What is the units digit of q?
1
Let k(u) = u**2 + u + 2. Let l be k(-2). Let a(h) = 5*h**2 + h**2 - 2*h**2 - 3 - 4*h + 6*h - h**3. What is the units digit of a(l)?
5
Let x = 38 + -20. Let p = x + -13. What is the units digit of p?
5
Let u(t) = t - 6. Suppose -5*c + 2*c + 18 = 0. Let l be u(c). Suppose 4 = 4*d - l. What is the units digit of d?
1
Let j(o) = o**3 + 5*o**2 + o - 3. Suppose -3*c + 5 = -4*c. Let w be j(c). Let g(p) = p**3 + 9*p**2 + 8*p + 7. What is the units digit of g(w)?
7
Let m(j) = -2*j + 41. Let l be m(0). Suppose 95 = 5*w - 2*s, -3*w + 4*s = 6*s - l. What is the tens digit of w?
1
Let c(t) = -t + 70. Let x be c(0). Suppose 5*s + 0*s = x. What is the units digit of s?
4
Let r(o) = -12*o**2 + o. Let v be r(2). Let k = -26 - v. What is the tens digit of k?
2
Suppose 472 = 4*y - 2*b, 5*y + 259 = b + 855. What is the units digit of y?
0
Suppose -f + 9*f = 1592. What is the units digit of f?
9
Let z(n) = -n**2 + 8*n + 2. Let i be z(7). Suppose -i = -2*h - 3. Suppose h*g = 19 - 4. What is the units digit of g?
5
Let l(t) = 2*t + 31. Let x be l(0). Let u = 47 - x. What is the units digit of u?
6
Suppose 10 = -5*j + 30. Suppose -j*c + 16 = -76. What is the units digit of c?
3
Let d be (-2)/(-4) - 7/(-14). What is the units digit of 4 + (d - -1)*24?
2
Let t(h) = -h - 4. Let p be t(-4). Suppose 5*u + 3*r = 28, p = -2*u + 5*r + 8 + 28. Let a = u - 3. What is the units digit of a?
5
Suppose 3*p + 60 = 5*p + 4*g, 0 = -g - 1. Let c be (-2)/5 - p/(-5). Suppose 0*z + c = 2*z. What is the units digit of z?
3
Let o(r) = -130*r**3 - r - 1. Let l be o(-1). Let u = l + -73. What is the units digit of u?
7
What is the tens digit of 24/(1*(-8)/(-4))?
1
Suppose -169 = -v - f - 3*f, -4*f = 0. What is the tens digit of v?
6
Let q = -9 - -12. Suppose 0 = -5*r - q - 22. Let y(o) = o**2 - 5. What is the units digit of y(r)?
0
Let t be (-46)/(-8) + 4/16. Suppose 8 = 4*j + 5*y, -2*y + 0 = 3*j - t. Let k(x) = 2*x**3 - 4*x**2 + 2*x + 1. What is the units digit of k(j)?
5
Let g(o) = -o**3 - 25*o**2 - 33*o - 42. What is the units digit of g(-24)?
4
Suppose 3*a + 12 = 0, -3*c - 2*c + 4*a + 16 = 0. Let r be (0 - c) + 0 + 3. Suppose 10 - r = p. What is the units digit of p?
7
Let c(n) = -3*n + 1. Let v be c(-1). Suppose 0 = 4*x + 2*g - v, -5*x + 4*x - 3*g = 4. What is the units digit of x?
2
Let i be ((2 - 5) + 1)*-2. Suppose -2*y = -2*w + y - 7, -i*y = 5*w - 40. Suppose d - 3*v + 1 = 33, -73 = -w*d + v. What is the units digit of d?
7
Suppose -15*w + 432 = -9*w. What is the tens digit of w?
7
Let p(x) = -6*x - 3. What is the units digit of p(-2)?
9
Let p = -80 - -92. What is the units digit of p?
2
Let r(o) = -6*o + 8*o + 8*o. What is the units digit of r(1)?
0
Let g = -3 + 5. Suppose 0*c - c = -g. What is the units digit of 1/c*8/2?
2
Suppose -12 = -4*z - 4. Let g be (6*1)/(3/z). Suppose 0*u + 3*u = 5*w - 29, 5*w + g*u - 8 = 0. What is the units digit of w?
4
Suppose -o = -2*u + 15 + 10, -5*o = -u - 10. Suppose -u*d = -13*d - 72. What is the tens digit of d?
3
Let q(o) = -78*o - 4. What is the hundreds digit of q(-2)?
1
Suppose 111 = 4*p - 385. What is the tens digit of p?
2
Let n(k) = -6*k**3 + k**2 - 1. Let r be n(-1). Let q(s) = s - 2. Let p be q(r). What is the units digit of (p/3)/((-6)/(-9))?
2
Let d(g) = -2*g + 2. What is the units digit of d(-8)?
8
Let k = 34 - 20. What is the units digit of k?
4
Let y(w) = 2*w**3 - 2*w**2 - w - 1. Let v be y(2). Suppose 2*i - v = -1. What is the units digit of i?
2
What is the tens digit of (3 + 4)/(2/18)?
6
Suppose 5*y - 2 = -7. Let i be (4/(-10))/(y/35). What is the units digit of 40/7 - (-4)/i?
6
Suppose y - 4*y = a - 187, 3*a = 12. What is the tens digit of y?
6
Let g = 6 - 2. Suppose 0 = -g*r + 4 + 48. What is the tens digit of r?
1
Let n be (5 - 2)*22/6. Let i =